 -11*l. Let g(v) = 13*k(v) + 6*s(v). Let n(j) = j**3 - 4*j**2 - 31*j - 6. Let f be n(8). What is g(f)?
-2
Let o(g) = g**3 - 9*g**2 + g - 12. Let u = 1 - 3. Suppose 2*n + 3*p - 1 = 0, 3 = 3*n - 5*n + p. Let h be ((-90)/u)/(-5)*n. Calculate o(h).
-3
Let n(i) = -4*i + 2. Let x = 391 - -54. Let p = -439 + x. What is n(p)?
-22
Let i be 52/6*(-504)/(-546). Suppose -2*n + 10 + 2 = 0. Let z(q) = -q - q + n + 0*q. Calculate z(i).
-10
Let k(v) be the first derivative of v**4/4 + 17*v**3/3 + 23*v**2 + 9*v + 7545. Calculate k(-3).
-3
Let d(y) = 10*y + 6. Let t(q) be the third derivative of -q**4/2 - 7*q**3/6 + 8*q**2 - 4. Let x(c) = 5*d(c) + 4*t(c). Calculate x(7).
16
Suppose 2*v + 5*r = 147, 0 = 2*r - 2 - 4. Let l = -54 + v. Let d(j) = -j**2 - 12 + 2*j - 4*j + l*j. Determine d(8).
4
Let o(s) = s + 7. Let m be o(-3). Suppose -m*w - 30 = -2*c + 12, -4*c = w - 48. Let u(t) = -t**3 + 14*t**2 - 13*t - 15. What is u(c)?
-15
Let h be (-385)/308*(3*-2 - -2). Let g(k) be the third derivative of -1/6*k**3 + 3*k**2 + 0 - 1/24*k**4 + 0*k. Calculate g(h).
-6
Let h = 88 + -90. Let x(n) = -6*n**2 + 30*n - 40. Let q(v) = -v**2 + 6*v - 8. Let m(j) = h*x(j) + 11*q(j). Determine m(-7).
-1
Let s = 64598 + -64609. Let k(h) = -13*h**2 - 11*h - 21. Let p(q) = -7*q**2 - 5*q - 10. Let t(g) = 6*k(g) - 11*p(g). What is t(s)?
-16
Let s be 5 + (13 - 6 - -1). Let y(h) = -s*h - 22 + 20*h - 11*h + 5. Calculate y(-7).
11
Let i(u) be the third derivative of u**4/24 + 4*u**3/3 - 134*u**2 + u + 6. Suppose -a - 4*h = 3*a + 96, 0 = h + 3. Let c = a + 13. Calculate i(c).
0
Let b(z) be the third derivative of 0*z + 0 - 1/120*z**5 + 1/24*z**4 - 5/6*z**3 + 1/360*z**6 - 13*z**2. Let p(v) be the first derivative of b(v). What is p(2)?
3
Let u be 22/(-44)*6*-2 - 27. Let k(h) = h**2 + 21*h + 11. Calculate k(u).
11
Let b(c) be the second derivative of -c**3/6 - 2*c**2 + c. Let m be (-6)/(2*(-9)/24) + 144/48 + 0. What is b(m)?
-15
Let c = 4838 - 4836. Let z(a) be the first derivative of -8/3*a**3 - 24 - 1/4*a**4 - 7/2*a**c - 2*a. Determine z(-7).
-2
Let f(j) = j**2 - 8*j + 10. Let q = 3337 - 3333. Give f(q).
-6
Suppose 0 = -2*u + 4*u - 8. Let c(h) = 0*h - 17*h - 9 - 3 - 16*h. Let t(x) = 28*x + 11. Let l(k) = 6*c(k) + 7*t(k). Determine l(u).
-3
Let h(o) = -o**2 - 13*o + 2. Let a(s) = -104*s - 2509. Let v be a(-24). Calculate h(v).
2
Suppose -26*q + 3146 = -4*q. Let j(o) = -44*o - 49*o - 49*o + 1 + q*o. Calculate j(5).
6
Let v(k) = k**3 - 3*k**2 + k - 3. Let w be v(3). Let t(i) = -6*i - 15*i + 29*i - 59 - 2*i + 67 - 5*i. Calculate t(w).
8
Let b be ((52/12 - 4)*-5)/((-3)/(-9)). Let a(v) = -10*v - 28. What is a(b)?
22
Let p(b) = 3*b**2 + 21*b + 22. Let d(m) = 2*m**2 + 10*m + 15. Let s(l) = -5*d(l) + 3*p(l). Suppose 2*t = 3*t - 10. Give s(t).
21
Let k(f) = -6*f**2 - 2*f**3 + 4*f**3 + 3*f - f**3 - 2. Let s = -12132 - -12136. Give k(s).
-22
Let p(t) = t**3 - 10*t**2 - 10*t - 4. Let h(s) = 9*s - 32. Let z be h(-23). Let l = -228 - z. Calculate p(l).
7
Let c be (-16 + 15)/(2/(-4)). Let n(s) = -11 + 16 + 3*s**2 - 6*s - 6*s**c + s**3. Determine n(4).
-3
Let y be (5/(-10))/(3/(-96)*2). Suppose -y = -c - 5. Let w(q) = 2 - 3*q + 3*q + 4*q - c. What is w(-2)?
-9
Let i(y) = -11*y + 29. Let m(z) = 5*z - 8 - 1 + 4 + 3 - 11. Let g(u) = -4*i(u) - 9*m(u). Give g(0).
1
Let v(h) be the second derivative of -9/2*h**2 + 1/6*h**3 + 1/6*h**4 - 86*h + 0. Calculate v(3).
12
Suppose -5*p - 42 - 27 = -4*x, -5*x - p = -108. Let a(c) = 3 + 25*c - 44*c + x*c. What is a(-6)?
-9
Let q(i) be the first derivative of -8*i**4 + i**3/3 - i**2/2 + i - 1165. What is q(1)?
-31
Let i(r) = -9*r + 3*r**2 + 3*r + r**2 - 2 - 3*r**2. Suppose -155*d + 166*d - 55 = 0. Calculate i(d).
-7
Suppose 22*w + 773 = 201. Let i(p) = -p**3 - 25*p**2 + 24*p - 59. Determine i(w).
-7
Let v(u) = 2*u**2 + 6*u - 5. Let w(k) = k - 1. Let j(b) = v(b) - 4*w(b). Let p be (-28)/(-70)*30/(-36)*-3. What is j(p)?
3
Let m = 279 - 277. Let l(z) be the first derivative of z**7/840 - z**6/360 + 2*z**3/3 - 13. Let b(r) be the third derivative of l(r). Determine b(m).
4
Let u(i) = -i**2 + 8*i - 3. Suppose -9 = -3*d + 6. Suppose -4*p + 3*p = d*j - 2, 0 = 4*j - 4*p + 8. Suppose -10 = -2*b - j. What is u(b)?
12
Let f(h) = 8*h**3 + 4*h - 12062*h**2 + 3*h**3 - 13*h**3 + 6 + 4*h**3 + 12070*h**2. Calculate f(-5).
-64
Let b = 203 + -43. Let m be 1240/b - (-3)/(-4). Let h(q) = -q**3 + 8*q**2 - 7*q - 9. Determine h(m).
-9
Let f(d) = -d**3 + 4*d**2 + 5*d + 7. Let b(u) = u**3 - 3*u**2 - 2*u + 21. Let w be b(4). Suppose 4*z = -x + 4*x + w, -5*x - 5 = 2*z. Calculate f(z).
7
Let d(j) be the first derivative of -4*j**2 + 109*j - 35. Let a be d(14). Let x(o) = o + 2 - 2 - 1. Give x(a).
-4
Let t(n) = -4966*n - 74492. Let q be t(-15). Let h(l) = l**3 - 2*l**2 - 3 + 0*l**2 - 4*l + 1. What is h(q)?
-10
Let g(v) = 3*v - 2*v + 4*v + v**3 - 7 + 8*v**2. Let p be (49/(-14) - -4)*((-2 - -1) + -13). Give g(p).
7
Let c be (-2)/20 - 0/1 - (-18546)/16860. Let d(p) = p**2 - 3*p - 4. Let m(t) = 3*t**2 - 8*t - 11. Let z(k) = -8*d(k) + 3*m(k). Determine z(c).
0
Suppose 4*z = t - 44, 5*z - 2*t = -t - 55. Let u(o) be the first derivative of o**2/2 + 16*o - 8. Determine u(z).
5
Let y = -598 + 600. Let p be (-2)/3 - 17/(-3). Let d(w) = -2*w + 3*w + p - 4 + 2*w**3 - w**2 + 0*w. Determine d(y).
15
Let i(g) be the third derivative of -g**6/240 - 41*g**5/120 + g**4/12 + 11*g**3/6 + 240*g**2. Let s(c) be the second derivative of i(c). Determine s(-15).
4
Let b(k) = -99*k + k**2 + 223*k - 111*k + 0*k**2 + 15. Calculate b(-10).
-15
Let b(g) = -13*g + 1066. Let v be b(82). Let i(j) be the third derivative of -7*j**2 + 1/6*j**3 - 1/8*j**4 + 0*j + v. Give i(-3).
10
Let v(k) = 2*k**2 + 4*k + 2. Let m be v(-3). Let c(d) = -6*d**2 - 4*d**2 + 11 + d**2 - 4 + d**3 + 8*d. Calculate c(m).
7
Let v(c) = -3*c**2 - 10*c - 12. Let l(z) = -43*z**2 - 140*z - 190. Let o(r) = -2*l(r) + 29*v(r). Give o(-13).
-7
Let p be (-3 + 1)/(-2) + -11. Let y(g) = -629*g + 39. Let m(d) = -251*d + 20. Let a(r) = 5*m(r) - 2*y(r). Determine a(p).
-8
Let l be (-482)/14 - ((-660)/(-77) - 9). Let g(i) = 16*i - 6. Let d(m) = 90*m - 36. Let c(z) = l*g(z) + 6*d(z). Calculate c(-3).
0
Let y be -5*1*36/10. Let n be 4/(-18) - (-104)/y. Let v(g) = 0*g + 31*g**3 - 32*g**3 - 5 - 8*g + 21*g**2 - 1 - 13*g**2 - 15*g**2. What is v(n)?
6
Let q be -1*93*(1 + 0). Suppose 5*t + 347 = 4*u, -6*u + 3*u - t = -265. Let r = q + u. Let y(z) = -z**3 - 5*z**2 + 1. What is y(r)?
1
Let d(z) = 2*z**3 + 2*z**2 + 1. Let x(l) = -37 - l**2 + 81 - l - 43. Let a(i) = d(i) - 2*x(i). Let y = 0 - 2. Determine a(y).
-5
Let m(q) = -q + 74 - 97 - q**3 - q - 2*q**2. Determine m(0).
-23
Let h(k) = k**2 + 17*k - 6. Let y(u) = 163*u - 993. Let l be y(6). Calculate h(l).
-36
Suppose -4*p + 4*d = -9 - 3, -5*p = 4*d - 42. Suppose -21*b + p = -20*b. Let w(x) = x + 1. Determine w(b).
7
Let d(c) be the third derivative of 0*c + 2 + 40*c**2 + 7/24*c**4 - 1/120*c**6 - 1/15*c**5 + 1/6*c**3. Let p be ((-5)/(-15))/((-2)/30). What is d(p)?
-9
Let z(q) = q**3 - 4*q + 1. Suppose -w + 144 = 5*c, -4*c = -w - 14 - 94. Let f be (4 + -2)/((c/(-6))/7). What is z(f)?
-14
Let y(u) = u**3 + 20*u**2 + 76*u + 20. Suppose -16 = -5*p + 5*k - 56, -5*p = 3*k + 96. Give y(p).
5
Let n(c) = 48*c - 15. Let s(q) = -17*q + 5. Let y(d) = -6*n(d) - 17*s(d). Suppose 5 = -0*u + u. What is y(u)?
10
Let j = -129 - -130. Suppose -k - 2*f = -5, 2*f - 5 = -2*k - j. Let r(n) be the second derivative of -5*n**3/6 - n**2/2 - n. What is r(k)?
4
Let u be (-86)/(-132) + (-12)/(-66). Let r(s) be the third derivative of -u*s**3 + 0 + 0*s + 1/24*s**4 - 14*s**2. Determine r(-4).
-9
Let b(g) = -28*g**2 - 31*g - 28. Let j be b(-1). Let l(d) = -d**3 - 26*d**2 - 27*d - 41. Give l(j).
9
Let b(c) = -c**3 - c**2. Let k(z) = -3*z**3 + z. Let m(a) = -2*b(a) + k(a). Let v be 4/(-3) - 11/(99/6). Calculate m(v).
14
Suppose 7 = 4*f + 3*m, -5*f - 4*m = -6 - 2. Suppose -2*j = f*c - 4, -5*c = -5*j - 6 - 14. Let p(v) = 2 + v**2 + v**2 + v**3 + 2 - c*v. Give p(-3).
1
Let g(c) = -5*c**3 + c. Suppose -19*r = -25*r + 270. Let u = 1 + r. Let y = -47 + u. Determine g(y).
4
Let t(j) = j**3 + j**2 + j. Let i(b) = -3*b**3 - 11*b**2 + 3*b - 1. Let p(u) = i(u) + 4*t(u). Let n be p(6). Let q = 4 - n. Let s(k) = -k - 1. Calculate s(q).
0
Let m(y) = -234*y + 4452. Let r be m(19). Let z(p